27 + a/(-1) + 1?
2, 3
Let n(q) = 11*q**3 + 3*q**2 + 2*q - 5. Let j be n(2). Suppose -j = -4*v + u + 524, -3*u = -3. List the prime factors of v.
2, 3, 13
What are the prime factors of 52/6*-98*(-12)/16?
7, 13
Let f = 63 - 15. Let g = -26 + f. What are the prime factors of g?
2, 11
Let v(d) = 19*d**2 + 1. Let k be v(1). Suppose 4*x = 5*x - 5*r + k, -12 = 4*x - 3*r. What are the prime factors of -1 + 3 + 42 + x?
2, 11
Let x be 2/(-2)*-7 - 3. Suppose x*y - 7*y = -303. List the prime factors of y.
101
Let p = -7545 - -13145. Suppose 12*r + 8*r - p = 0. What are the prime factors of r?
2, 5, 7
Let o be (-3)/(((-3)/9)/(6/27)). Suppose d = -p + 8, 2*p - o = -d + 14. What are the prime factors of p?
2
Suppose -5*d - 5*y = -220, -2*y - 3*y + 134 = 3*d. List the prime factors of d.
43
What are the prime factors of 24528/40 - -5 - 2/10?
2, 3, 103
Let s be (-9)/(-15) + 52/(-20). List the prime factors of 8/(0 - s) - (-18)/6.
7
Let l(d) = d**2 - 15*d + 34. List the prime factors of l(-14).
2, 5, 11
Suppose 18*k = 6*k + 10716. List the prime factors of k.
19, 47
Let j = -14 + 17. Let u(f) = 54*f + 35. List the prime factors of u(j).
197
Let b = 584 - 243. Suppose -3*s + 185 + b = 5*y, -5*y + 512 = -4*s. List the prime factors of y.
2, 13
Suppose -o = 2*h - 238, -3*o + 691 = h - 28. Let c = 352 - o. What are the prime factors of c?
2, 7
Let u(y) = y**2 - 21. Let k be u(5). Suppose -k*n + 688 = -216. List the prime factors of n.
2, 113
Suppose 38040 = -149*t + 169*t. What are the prime factors of t?
2, 3, 317
Let v(b) = 5. Let t(d) = d + 16. Let y(s) = -6*t(s) + 17*v(s). What are the prime factors of y(-8)?
37
What are the prime factors of -3 + (-298212)/(-132) + 2/(-11)?
2, 3, 47
Let f be -2 + 1 + 3*3. Let n(v) = 13*v + 5. Let j(z) = 11*z + 2. Let t(l) = -6*j(l) + 5*n(l). List the prime factors of t(f).
5
Let i be 3/(-5) + (-4)/10 + 226. Suppose 4*s - i = -5*c, -3*c - s + 135 = -0*c. List the prime factors of c.
3, 5
Let z(i) = -23*i**2 - i + 3. Let c be z(3). Let j be c/(-8) - 11/(-88). Suppose 4*n + j = 198. List the prime factors of n.
43
Let y be (-3)/21 + 226/14. Suppose y*n = 13*n + 72. What are the prime factors of n?
2, 3
Let o(r) = 2*r. Let n(z) = z**2 + 10*z - 9. Let g be n(-11). Let h(v) = v. Let d(i) = g*h(i) + 2*o(i). What are the prime factors of d(4)?
2, 3
Suppose 2 - 10 = -4*m. Suppose m*v - 18 = -4*v. Suppose -v*s + g = -13, 11 + 4 = 3*s - 3*g. What are the prime factors of s?
2
Let t be -1 - 3 - (-15 - -3). Suppose -2*r + t*r = 378. What are the prime factors of r?
3, 7
Suppose 0 = 35*b - 28034 - 20616. List the prime factors of b.
2, 5, 139
Let v(k) = 2*k**3 - 5*k**2 + 4*k + 1. Let y = -12 - -13. Let w be (y - 21/12)*-4. List the prime factors of v(w).
2, 11
Suppose a - 3*u - 598 - 1779 = 0, 0 = -4*a - 4*u + 9428. List the prime factors of a.
2, 1181
Let t(m) = 11*m**2 - 38*m - 57. What are the prime factors of t(-13)?
2, 7, 41
Let o(h) = -14 - 14 + 5*h + h**3 - 11*h + 13*h**2. What are the prime factors of o(-13)?
2, 5
What are the prime factors of (14 - (-180)/25)/((-2)/(-60))?
2, 3, 53
Let k = 93 + 5. Suppose -118 - k = -4*s. List the prime factors of (1 - -1)/(18/s).
2, 3
Let t(i) be the first derivative of -i**2 - 7*i - 6. What are the prime factors of t(-6)?
5
Let j = -45 + 44. List the prime factors of (1 - j - 144)/(-2 - -1).
2, 71
Let u(k) = -5*k. Let t be u(-1). Let z(d) = t + d**2 - 11*d + d**2 + 5*d**2 + d**3. List the prime factors of z(-8).
29
Suppose 2*t - 5*l - 5489 = 0, -l - 125 = -122. What are the prime factors of t?
7, 17, 23
Suppose 390 = 11*t + 104. What are the prime factors of t?
2, 13
Let u(s) = 2*s**3 + 11*s**2 + 4*s. Let i be u(-7). Let m = -104 - i. What are the prime factors of m?
71
Let l = 74 - 68. List the prime factors of l.
2, 3
Suppose -4 = j - 4*r, -4*j = -3*r + r - 12. Suppose 0*q = j*q. List the prime factors of q + 0 + 4 + 20.
2, 3
List the prime factors of (1060 - (18/(-3) + 6)) + -3.
7, 151
Let i = 1583 - 896. Suppose -5*q = 1 + 4, -4*c + 3*q + i = 0. What are the prime factors of c?
3, 19
Suppose 4*o - 45 = -5*h, 16 = 4*h + o - 9. Suppose 2*g = -2*g + 12. Suppose h*l = -4*w + 101, -g*l - 4*w - 18 = -5*l. What are the prime factors of l?
17
Let b be (21/(-14))/(2/(-4)). Suppose 4*k - 3*k = b*d + 157, 192 = -4*d - 3*k. Let r = -22 - d. List the prime factors of r.
29
Let n be 0 - (-3)/((-3)/(-2)). Let p(q) = -q**2. Let b(u) = 4*u**3 - 6*u**2 + 3*u - 1. Let t(c) = b(c) - 3*p(c). What are the prime factors of t(n)?
5
Suppose 0 = -4*q - 319 - 73. Let j = 22 - q. List the prime factors of j.
2, 3, 5
Suppose -1029 = 4*k - 8433. List the prime factors of k.
3, 617
List the prime factors of 5/((-6248)/(-892) - 7).
5, 223
Let g(w) = w**3 + 19*w**2 + 18*w - 48. List the prime factors of g(-17).
2, 7
Suppose 4*r = 3*x + 27, r = 5*x + 18 + 10. Suppose -r*b = -0*b - 12. List the prime factors of (2 - (-51)/b)*4.
59
Let d(k) = -k**2 - k + 345. What are the prime factors of d(0)?
3, 5, 23
Let y be 4*-4 - (-1 + -1). Let v be 2 + (3 + y - 0). Let u = 19 - v. List the prime factors of u.
2, 7
Let a = -477 + 942. What are the prime factors of a?
3, 5, 31
Suppose -3*p + 15 = -0*p. Let l(j) = -4*j + 2. Let c(h) = h - 1. Let g(n) = -15*c(n) - 5*l(n). What are the prime factors of g(p)?
2, 3, 5
Suppose -3*i - g = -41, 2*i = -4*g - g + 36. Suppose -12 = -5*j + i. Suppose 5*u - j - 10 = 0. What are the prime factors of u?
3
Let u(o) = o**3 + 13*o**2 - 15*o - 43. What are the prime factors of u(-10)?
11, 37
Suppose -2*y + 2*d = -750, 2*d + 556 = 4*y - 942. Let t = y - 252. What are the prime factors of t?
2, 61
Let s be (-6)/24 - (-98)/8. Suppose -5*u - 3 = s. What are the prime factors of u/(-1 - 2) - -1?
2
Let x = 2392 - 1130. What are the prime factors of x?
2, 631
Let t(n) = -1538*n + 40. What are the prime factors of t(-2)?
2, 19, 41
Let l(u) = 6*u**2 + 6*u - 1. Let r be 4*(5 - 3)*(-6)/(-12). List the prime factors of l(r).
7, 17
Let o = 40 + -2. Suppose 57 = o*t - 35*t. What are the prime factors of t?
19
Let i = 1501 + -831. What are the prime factors of i?
2, 5, 67
Let h be 20/70 - (-250)/7. List the prime factors of (-1 - 12/(-8))*h.
2, 3
Let w(d) = -d**3 + 25*d**2 - 3*d + 58. List the prime factors of w(16).
2, 13, 89
What are the prime factors of ((-1876)/12)/(4/(-12))?
7, 67
Suppose 4*f + 8*q = 3*q + 7588, 5*q = 4*f - 7628. List the prime factors of f.
2, 3, 317
Suppose 2*m - 1174 = -4*n, -4*n + 3*m = -2*m - 1181. Let b = -210 + n. List the prime factors of b.
2, 3, 7
Suppose 3*v + 2*v = -3*z + 1325, 4*z - 2*v = 1784. Let o = z - 280. List the prime factors of o.
3, 5, 11
Suppose 2*t = -4*v + 8, 0 = 4*v - 0*v + 12. Let z = 31 + -34. What are the prime factors of 454/t - z/5?
2, 23
Let d be (-130)/(-6) + (-7)/(-21). Let b = 32 - d. List the prime factors of 2/b + (-3042)/(-90).
2, 17
Let x(r) = 33*r - 4. Suppose 4*z + z + 5*f - 45 = 0, -5*z + 5*f = 5. Let j = z + -2. List the prime factors of x(j).
2, 31
Let v be 6/5*575/5. Suppose v*m = 142*m - 168. What are the prime factors of m?
2, 3, 7
Let j(y) = -23*y**3 - y**2. Let z = 81 - 82. What are the prime factors of j(z)?
2, 11
Suppose 2*d - 8 + 72 = 0. Let i = d + 35. Suppose i*p - g + 4*g = 78, 2*p = 3*g + 52. List the prime factors of p.
2, 13
Suppose -2*y = f - 631, -7*y - 4*f = -10*y + 919. List the prime factors of y.
313
What are the prime factors of (-33)/((-41)/(-225) + (-12)/54)?
3, 5, 11
List the prime factors of 241/((-3)/60*-5).
2, 241
Suppose -3465 = 40*v - 16985. List the prime factors of v.
2, 13
Let b = 98 + -43. List the prime factors of b.
5, 11
Let k(i) = 4 - i**2 + 8*i**2 - 6*i**2 - i**3. Let m be k(0). Suppose m*v - 24 = -x, -5*v - 72 = -3*x - v. List the prime factors of x.
2, 3
Suppose c - 9 = w + 8, 5*w = -4*c - 58. Let k = -3 - w. List the prime factors of k.
11
Let f(d) = 3*d**2 + 16*d - 10. Let v(c) = 7*c**2 + 31*c - 21. Let x(l) = -5*f(l) + 3*v(l). What are the prime factors of x(5)?
2, 101
Let v = -1149 - -1796. List the prime factors of v.
647
Let o(k) = -k**2 - 7 + 2*k + 8*k + 5*k. What are the prime factors of o(4)?
37
Let h = 125 - 49. Let x = h + -6. Let o = -43 + x. What are the prime factors of o?
3
Suppose 5*i - b = b + 35, 15 = 2*i - b. Suppose i*a - 925 = -0*a. Suppose r = -4*r + a. List the prime factors of r.
37
Let q(j